{"id":946,"date":"2024-04-29T10:13:09","date_gmt":"2024-04-29T08:13:09","guid":{"rendered":"https:\/\/formacionjuridica.es\/web\/?post_type=product&#038;p=946"},"modified":"2025-09-18T20:28:08","modified_gmt":"2025-09-18T18:28:08","slug":"tecnicas-de-comunicacion-positiva-para-la-mediacion-homologado-por-ministerio-de-justicia","status":"publish","type":"product","link":"https:\/\/formacionjuridica.es\/web\/producto\/tecnicas-de-comunicacion-positiva-para-la-mediacion-homologado-por-ministerio-de-justicia\/","title":{"rendered":"T\u00e9cnicas de Comunicaci\u00f3n Positiva para la Mediaci\u00f3n (Homologado por Ministerio de Justicia)"},"content":{"rendered":"","protected":false},"excerpt":{"rendered":"<p><img decoding=\"async\" style=\"margin-right: 10px;\" src=\"http:\/\/formacionjuridica.es\/imagenes\/general\/horas25.png\" alt=\"horas\" \/><br \/>\n<img decoding=\"async\" style=\"margin-right: 10px;\" src=\"http:\/\/formacionjuridica.es\/imagenes\/general\/ultima.png\" alt=\"\u00faltima edici\u00f3n\" \/><img decoding=\"async\" style=\"margin-right: 10px;\" src=\"http:\/\/formacionjuridica.es\/imagenes\/general\/fechaiu1.png\" alt=\"fecha inicio\" \/><img decoding=\"async\" style=\"margin-right: 10px;\" src=\"http:\/\/formacionjuridica.es\/imagenes\/general\/fechafu1.png\" alt=\"fecha fin\" \/><img decoding=\"async\" src=\"http:\/\/formacionjuridica.es\/imagenes\/general\/matriculau1.png\" alt=\"matricula\" \/><\/p>\n<p><img decoding=\"async\" style=\"margin-right: 10px;\" src=\"http:\/\/formacionjuridica.es\/imagenes\/general\/proxima.png\" alt=\"horas\" \/><img decoding=\"async\" style=\"margin-right: 10px;\" src=\"http:\/\/formacionjuridica.es\/imagenes\/general\/fechaip1.png\" alt=\"fecha inicio\" \/><img decoding=\"async\" style=\"margin-right: 10px;\" src=\"http:\/\/formacionjuridica.es\/imagenes\/general\/fechafp1.png\" alt=\"fecha fin\" \/><img decoding=\"async\" src=\"http:\/\/formacionjuridica.es\/imagenes\/general\/matriculap1.png\" alt=\"matricula\" \/><\/p>\n","protected":false},"featured_media":947,"comment_status":"open","ping_status":"closed","template":"","meta":[],"product_brand":[],"product_cat":[160,164],"product_tag":[203,187,185,188,202],"class_list":{"0":"post-946","1":"product","2":"type-product","3":"status-publish","4":"has-post-thumbnail","6":"product_cat-curso","7":"product_cat-derecho-civil-y-mercantil","8":"product_tag-comunicacion-positiva","9":"product_tag-homologado","10":"product_tag-mediacion","11":"product_tag-ministerio-de-justicia","12":"product_tag-tecnicas","14":"first","15":"instock","16":"sold-individually","17":"taxable","18":"shipping-taxable","19":"purchasable","20":"product-type-variable"},"jetpack_sharing_enabled":true,"_links":{"self":[{"href":"https:\/\/formacionjuridica.es\/web\/wp-json\/wp\/v2\/product\/946","targetHints":{"allow":["GET"]}}],"collection":[{"href":"https:\/\/formacionjuridica.es\/web\/wp-json\/wp\/v2\/product"}],"about":[{"href":"https:\/\/formacionjuridica.es\/web\/wp-json\/wp\/v2\/types\/product"}],"replies":[{"embeddable":true,"href":"https:\/\/formacionjuridica.es\/web\/wp-json\/wp\/v2\/comments?post=946"}],"wp:featuredmedia":[{"embeddable":true,"href":"https:\/\/formacionjuridica.es\/web\/wp-json\/wp\/v2\/media\/947"}],"wp:attachment":[{"href":"https:\/\/formacionjuridica.es\/web\/wp-json\/wp\/v2\/media?parent=946"}],"wp:term":[{"taxonomy":"product_brand","embeddable":true,"href":"https:\/\/formacionjuridica.es\/web\/wp-json\/wp\/v2\/product_brand?post=946"},{"taxonomy":"product_cat","embeddable":true,"href":"https:\/\/formacionjuridica.es\/web\/wp-json\/wp\/v2\/product_cat?post=946"},{"taxonomy":"product_tag","embeddable":true,"href":"https:\/\/formacionjuridica.es\/web\/wp-json\/wp\/v2\/product_tag?post=946"}],"curies":[{"name":"wp","href":"https:\/\/api.w.org\/{rel}","templated":true}]}}

Técnicas de Comunicación Positiva para la Mediación (Homologado por Ministerio de Justicia)

<p><img decoding="async" style="margin-right: 10px;" src="http://formacionjuridica.es/imagenes/general/horas25.png" alt="horas" /><br />
<img decoding="async" style="margin-right: 10px;" src="http://formacionjuridica.es/imagenes/general/ultima.png" alt="última edición" /><img decoding="async" style="margin-right: 10px;" src="http://formacionjuridica.es/imagenes/general/fechaiu1.png" alt="fecha inicio" /><img decoding="async" style="margin-right: 10px;" src="http://formacionjuridica.es/imagenes/general/fechafu1.png" alt="fecha fin" /><img decoding="async" src="http://formacionjuridica.es/imagenes/general/matriculau1.png" alt="matricula" /></p>
<p><img decoding="async" style="margin-right: 10px;" src="http://formacionjuridica.es/imagenes/general/proxima.png" alt="horas" /><img decoding="async" style="margin-right: 10px;" src="http://formacionjuridica.es/imagenes/general/fechaip1.png" alt="fecha inicio" /><img decoding="async" style="margin-right: 10px;" src="http://formacionjuridica.es/imagenes/general/fechafp1.png" alt="fecha fin" /><img decoding="async" src="http://formacionjuridica.es/imagenes/general/matriculap1.png" alt="matricula" /></p>
